{"id":232,"date":"2022-05-22T15:20:16","date_gmt":"2022-05-22T14:20:16","guid":{"rendered":"http:\/\/ocoeurdesoi.fr\/?page_id=232"},"modified":"2022-05-22T15:20:16","modified_gmt":"2022-05-22T14:20:16","slug":"enveloppement-aux-algues-a-largile-violette","status":"publish","type":"page","link":"https:\/\/ocoeurdesoi.fr\/index.php\/enveloppement-aux-algues-a-largile-violette\/","title":{"rendered":"Enveloppement aux algues ou \u00e0 l&rsquo;argile violette"},"content":{"rendered":"<p style=\"text-align: center;\"><strong>45\u20ac le soin, dur\u00e9e 45 minutes<\/strong><\/p>\n<p><strong>Enveloppement aux algues<\/strong> stimulant et drainant (sels min\u00e9raux, oligo-\u00e9l\u00e9ments, vitamines, iode&#8230;)<\/p>\n<p><strong>Enveloppement\u00a0 \u00e0 l&rsquo;argile violette<\/strong> nourrissant, r\u00e9g\u00e9n\u00e9rant, hydratant et harmonisant (\u00a0sels min\u00e9raux et huiles essentielles)<\/p>\n<p><img decoding=\"async\" loading=\"lazy\" class=\"aligncenter wp-image-235 size-full\" src=\"http:\/\/ocoeurdesoi.fr\/wp-content\/uploads\/2022\/05\/enveloppement-trevignin-aix-les-bains.jpg\" alt=\"Enveloppement algues argile\" width=\"873\" height=\"372\" srcset=\"https:\/\/ocoeurdesoi.fr\/wp-content\/uploads\/2022\/05\/enveloppement-trevignin-aix-les-bains.jpg 873w, https:\/\/ocoeurdesoi.fr\/wp-content\/uploads\/2022\/05\/enveloppement-trevignin-aix-les-bains-300x128.jpg 300w, https:\/\/ocoeurdesoi.fr\/wp-content\/uploads\/2022\/05\/enveloppement-trevignin-aix-les-bains-768x327.jpg 768w\" sizes=\"(max-width: 873px) 100vw, 873px\" \/><\/p>\n","protected":false},"excerpt":{"rendered":"<p>45\u20ac le soin, dur\u00e9e 45 minutes Enveloppement aux algues stimulant et drainant (sels min\u00e9raux, oligo-\u00e9l\u00e9ments, vitamines, iode&#8230;) Enveloppement\u00a0 \u00e0 l&rsquo;argile violette nourrissant, r\u00e9g\u00e9n\u00e9rant, hydratant et harmonisant (\u00a0sels min\u00e9raux et huiles essentielles)<\/p>\n","protected":false},"author":1,"featured_media":0,"parent":0,"menu_order":0,"comment_status":"closed","ping_status":"closed","template":"","meta":[],"yoast_head":"<!-- This site is optimized with the Yoast SEO plugin v20.9 - https:\/\/yoast.com\/wordpress\/plugins\/seo\/ -->\n<title>Enveloppement aux algues ou \u00e0 l&#039;argile violette - O Coeur de Soi - Patricia BARLET<\/title>\n<meta name=\"description\" content=\"Venez d\u00e9couvrirEnveloppement aux algues ou \u00e0 l&#039;argile violette \u00e0 Tr\u00e9vignin, pr\u00e8s d&#039;Aix-les-Bains, pr\u00e8s de Chamb\u00e9ry et d\u2019Annecy.\" \/>\n<meta name=\"robots\" content=\"index, follow, max-snippet:-1, max-image-preview:large, max-video-preview:-1\" \/>\n<link rel=\"canonical\" href=\"https:\/\/ocoeurdesoi.fr\/index.php\/enveloppement-aux-algues-a-largile-violette\/\" \/>\n<meta property=\"og:locale\" content=\"fr_FR\" \/>\n<meta property=\"og:type\" content=\"article\" \/>\n<meta property=\"og:title\" content=\"Enveloppement aux algues ou \u00e0 l&#039;argile violette - O Coeur de Soi - Patricia BARLET\" \/>\n<meta property=\"og:description\" content=\"Venez d\u00e9couvrirEnveloppement aux algues ou \u00e0 l&#039;argile violette \u00e0 Tr\u00e9vignin, pr\u00e8s d&#039;Aix-les-Bains, pr\u00e8s de Chamb\u00e9ry et d\u2019Annecy.\" \/>\n<meta property=\"og:url\" content=\"https:\/\/ocoeurdesoi.fr\/index.php\/enveloppement-aux-algues-a-largile-violette\/\" \/>\n<meta property=\"og:site_name\" content=\"O Coeur de Soi - Patricia BARLET\" \/>\n<meta property=\"og:image\" content=\"http:\/\/ocoeurdesoi.fr\/wp-content\/uploads\/2022\/05\/enveloppement-trevignin-aix-les-bains.jpg\" \/>\n<meta name=\"twitter:card\" content=\"summary_large_image\" \/>\n<script type=\"application\/ld+json\" class=\"yoast-schema-graph\">{\"@context\":\"https:\/\/schema.org\",\"@graph\":[{\"@type\":\"WebPage\",\"@id\":\"https:\/\/ocoeurdesoi.fr\/index.php\/enveloppement-aux-algues-a-largile-violette\/\",\"url\":\"https:\/\/ocoeurdesoi.fr\/index.php\/enveloppement-aux-algues-a-largile-violette\/\",\"name\":\"Enveloppement aux algues ou \u00e0 l'argile violette - O Coeur de Soi - Patricia BARLET\",\"isPartOf\":{\"@id\":\"https:\/\/ocoeurdesoi.fr\/#website\"},\"datePublished\":\"2022-05-22T14:20:16+00:00\",\"dateModified\":\"2022-05-22T14:20:16+00:00\",\"description\":\"Venez d\u00e9couvrirEnveloppement aux algues ou \u00e0 l'argile violette \u00e0 Tr\u00e9vignin, pr\u00e8s d'Aix-les-Bains, pr\u00e8s de Chamb\u00e9ry et d\u2019Annecy.\",\"breadcrumb\":{\"@id\":\"https:\/\/ocoeurdesoi.fr\/index.php\/enveloppement-aux-algues-a-largile-violette\/#breadcrumb\"},\"inLanguage\":\"fr-FR\",\"potentialAction\":[{\"@type\":\"ReadAction\",\"target\":[\"https:\/\/ocoeurdesoi.fr\/index.php\/enveloppement-aux-algues-a-largile-violette\/\"]}]},{\"@type\":\"BreadcrumbList\",\"@id\":\"https:\/\/ocoeurdesoi.fr\/index.php\/enveloppement-aux-algues-a-largile-violette\/#breadcrumb\",\"itemListElement\":[{\"@type\":\"ListItem\",\"position\":1,\"name\":\"Accueil\",\"item\":\"https:\/\/ocoeurdesoi.fr\/\"},{\"@type\":\"ListItem\",\"position\":2,\"name\":\"Enveloppement aux algues ou \u00e0 l&rsquo;argile violette\"}]},{\"@type\":\"WebSite\",\"@id\":\"https:\/\/ocoeurdesoi.fr\/#website\",\"url\":\"https:\/\/ocoeurdesoi.fr\/\",\"name\":\"O Coeur de Soi - Patricia BARLET\",\"description\":\"Soins \u00e9nerg\u00e9tiques naturels visage et relaxation\",\"publisher\":{\"@id\":\"https:\/\/ocoeurdesoi.fr\/#organization\"},\"potentialAction\":[{\"@type\":\"SearchAction\",\"target\":{\"@type\":\"EntryPoint\",\"urlTemplate\":\"https:\/\/ocoeurdesoi.fr\/?s={search_term_string}\"},\"query-input\":\"required name=search_term_string\"}],\"inLanguage\":\"fr-FR\"},{\"@type\":\"Organization\",\"@id\":\"https:\/\/ocoeurdesoi.fr\/#organization\",\"name\":\"O Coeur de Soi\",\"url\":\"https:\/\/ocoeurdesoi.fr\/\",\"logo\":{\"@type\":\"ImageObject\",\"inLanguage\":\"fr-FR\",\"@id\":\"https:\/\/ocoeurdesoi.fr\/#\/schema\/logo\/image\/\",\"url\":\"https:\/\/ocoeurdesoi.fr\/wp-content\/uploads\/2021\/01\/eeaf7b577dea43b0aa1abca5c738926d.jpg\",\"contentUrl\":\"https:\/\/ocoeurdesoi.fr\/wp-content\/uploads\/2021\/01\/eeaf7b577dea43b0aa1abca5c738926d.jpg\",\"width\":399,\"height\":51,\"caption\":\"O Coeur de Soi\"},\"image\":{\"@id\":\"https:\/\/ocoeurdesoi.fr\/#\/schema\/logo\/image\/\"}}]}<\/script>\n<!-- \/ Yoast SEO plugin. -->","yoast_head_json":{"title":"Enveloppement aux algues ou \u00e0 l'argile violette - O Coeur de Soi - Patricia BARLET","description":"Venez d\u00e9couvrirEnveloppement aux algues ou \u00e0 l'argile violette \u00e0 Tr\u00e9vignin, pr\u00e8s d'Aix-les-Bains, pr\u00e8s de Chamb\u00e9ry et d\u2019Annecy.","robots":{"index":"index","follow":"follow","max-snippet":"max-snippet:-1","max-image-preview":"max-image-preview:large","max-video-preview":"max-video-preview:-1"},"canonical":"https:\/\/ocoeurdesoi.fr\/index.php\/enveloppement-aux-algues-a-largile-violette\/","og_locale":"fr_FR","og_type":"article","og_title":"Enveloppement aux algues ou \u00e0 l'argile violette - O Coeur de Soi - Patricia BARLET","og_description":"Venez d\u00e9couvrirEnveloppement aux algues ou \u00e0 l'argile violette \u00e0 Tr\u00e9vignin, pr\u00e8s d'Aix-les-Bains, pr\u00e8s de Chamb\u00e9ry et d\u2019Annecy.","og_url":"https:\/\/ocoeurdesoi.fr\/index.php\/enveloppement-aux-algues-a-largile-violette\/","og_site_name":"O Coeur de Soi - Patricia BARLET","og_image":[{"url":"http:\/\/ocoeurdesoi.fr\/wp-content\/uploads\/2022\/05\/enveloppement-trevignin-aix-les-bains.jpg"}],"twitter_card":"summary_large_image","schema":{"@context":"https:\/\/schema.org","@graph":[{"@type":"WebPage","@id":"https:\/\/ocoeurdesoi.fr\/index.php\/enveloppement-aux-algues-a-largile-violette\/","url":"https:\/\/ocoeurdesoi.fr\/index.php\/enveloppement-aux-algues-a-largile-violette\/","name":"Enveloppement aux algues ou \u00e0 l'argile violette - O Coeur de Soi - Patricia BARLET","isPartOf":{"@id":"https:\/\/ocoeurdesoi.fr\/#website"},"datePublished":"2022-05-22T14:20:16+00:00","dateModified":"2022-05-22T14:20:16+00:00","description":"Venez d\u00e9couvrirEnveloppement aux algues ou \u00e0 l'argile violette \u00e0 Tr\u00e9vignin, pr\u00e8s d'Aix-les-Bains, pr\u00e8s de Chamb\u00e9ry et d\u2019Annecy.","breadcrumb":{"@id":"https:\/\/ocoeurdesoi.fr\/index.php\/enveloppement-aux-algues-a-largile-violette\/#breadcrumb"},"inLanguage":"fr-FR","potentialAction":[{"@type":"ReadAction","target":["https:\/\/ocoeurdesoi.fr\/index.php\/enveloppement-aux-algues-a-largile-violette\/"]}]},{"@type":"BreadcrumbList","@id":"https:\/\/ocoeurdesoi.fr\/index.php\/enveloppement-aux-algues-a-largile-violette\/#breadcrumb","itemListElement":[{"@type":"ListItem","position":1,"name":"Accueil","item":"https:\/\/ocoeurdesoi.fr\/"},{"@type":"ListItem","position":2,"name":"Enveloppement aux algues ou \u00e0 l&rsquo;argile violette"}]},{"@type":"WebSite","@id":"https:\/\/ocoeurdesoi.fr\/#website","url":"https:\/\/ocoeurdesoi.fr\/","name":"O Coeur de Soi - Patricia BARLET","description":"Soins \u00e9nerg\u00e9tiques naturels visage et relaxation","publisher":{"@id":"https:\/\/ocoeurdesoi.fr\/#organization"},"potentialAction":[{"@type":"SearchAction","target":{"@type":"EntryPoint","urlTemplate":"https:\/\/ocoeurdesoi.fr\/?s={search_term_string}"},"query-input":"required name=search_term_string"}],"inLanguage":"fr-FR"},{"@type":"Organization","@id":"https:\/\/ocoeurdesoi.fr\/#organization","name":"O Coeur de Soi","url":"https:\/\/ocoeurdesoi.fr\/","logo":{"@type":"ImageObject","inLanguage":"fr-FR","@id":"https:\/\/ocoeurdesoi.fr\/#\/schema\/logo\/image\/","url":"https:\/\/ocoeurdesoi.fr\/wp-content\/uploads\/2021\/01\/eeaf7b577dea43b0aa1abca5c738926d.jpg","contentUrl":"https:\/\/ocoeurdesoi.fr\/wp-content\/uploads\/2021\/01\/eeaf7b577dea43b0aa1abca5c738926d.jpg","width":399,"height":51,"caption":"O Coeur de Soi"},"image":{"@id":"https:\/\/ocoeurdesoi.fr\/#\/schema\/logo\/image\/"}}]}},"_links":{"self":[{"href":"https:\/\/ocoeurdesoi.fr\/index.php\/wp-json\/wp\/v2\/pages\/232"}],"collection":[{"href":"https:\/\/ocoeurdesoi.fr\/index.php\/wp-json\/wp\/v2\/pages"}],"about":[{"href":"https:\/\/ocoeurdesoi.fr\/index.php\/wp-json\/wp\/v2\/types\/page"}],"author":[{"embeddable":true,"href":"https:\/\/ocoeurdesoi.fr\/index.php\/wp-json\/wp\/v2\/users\/1"}],"replies":[{"embeddable":true,"href":"https:\/\/ocoeurdesoi.fr\/index.php\/wp-json\/wp\/v2\/comments?post=232"}],"version-history":[{"count":4,"href":"https:\/\/ocoeurdesoi.fr\/index.php\/wp-json\/wp\/v2\/pages\/232\/revisions"}],"predecessor-version":[{"id":238,"href":"https:\/\/ocoeurdesoi.fr\/index.php\/wp-json\/wp\/v2\/pages\/232\/revisions\/238"}],"wp:attachment":[{"href":"https:\/\/ocoeurdesoi.fr\/index.php\/wp-json\/wp\/v2\/media?parent=232"}],"curies":[{"name":"wp","href":"https:\/\/api.w.org\/{rel}","templated":true}]}}